18597*g**2 + 2*g + 18602*g**2 + g**3 + 116 - 118. Determine x(r).
6
Let p(u) be the second derivative of 38*u + 2 + 7*u**2 + 1/6*u**3. Calculate p(-8).
6
Let u = 40 - 16. Let f be (-2)/(u/10 - 2). Let z(t) be the first derivative of -t**3/3 - 7*t**2/2 - 5*t - 60049. What is z(f)?
5
Let g(t) = t + 7. Let c be g(-3). Let s(k) = 176*k**2 + 81 - 177*k**2 - 76. Give s(c).
-11
Suppose 20*v - 24*v - 24 = 0. Let w(j) = -6*j - 34. Let n be w(v). Let m(p) = -3*p - 1. Calculate m(n).
-7
Let f(y) be the third derivative of y**5/60 + y**4/4 - 7*y**3/3 + 1291*y**2. Determine f(-8).
2
Let l(i) be the third derivative of -i**6/120 - 3*i**5/20 + i**3/6 - 273*i**2. What is l(-9)?
1
Let r(x) = -9 + 4 + 6*x + 913*x**2 + 0*x + 1 - 914*x**2. Determine r(6).
-4
Let k(w) = -20*w**3 - 9*w**2 + 18*w + 12. Let j(f) = 3*f**2 + 14 + 7*f**3 - 6*f - 3 - 15. Let q(s) = 17*j(s) + 6*k(s). Calculate q(-4).
-4
Let c(s) = 9*s**3 - 14*s**2 + 16*s + 9. Let u(x) = -32*x**3 + 43*x**2 - 47*x - 28. Let y(r) = -7*c(r) - 2*u(r). Give y(-13).
58
Let n(d) be the second derivative of d**3/3 + 19*d + 30. Calculate n(0).
0
Let c(f) = 7*f**2 - 50*f + 19. Let x(h) = 9*h**2 - 61*h + 20. Let o(g) = -5*c(g) + 4*x(g). Determine o(-5).
-20
Let y = -41 - -120. Let z = 86 - y. Let b(s) = 6*s**3 - 13*s**2 + 16*s - 3. Let w(a) = a**3 - a**2 + a + 1. Let i(x) = -b(x) + 5*w(x). Calculate i(z).
-20
Let y(v) = -3*v - v**2 + 9*v + 3*v - 10. Let n(z) = 44*z**3 + 3*z**2 - 4*z + 2. Let d be n(1). Suppose l - 16 = -5*f + 17, 5*l = 5*f - d. What is y(f)?
4
Let p(w) = -15*w**3 + 11*w**2 + 89*w - 8. Let u(z) = 19*z**3 - 9*z**2 - 89*z + 10. Let i(o) = 5*p(o) + 4*u(o). Calculate i(-11).
-11
Let v(o) = -5*o**3 + 33*o**2 + 91*o - 31. Let a(j) = -38*j**3 + 264*j**2 + 727*j - 260. Let u(c) = 3*a(c) - 23*v(c). What is u(-30)?
-7
Suppose g + 16 = 2*b, 3*g + 50*b - 53*b = -63. Let m(j) = -j**2 - 27*j + 22. Give m(g).
48
Let f(m) = m + 19. Suppose -10*y + 152 = -18. Suppose 0 = o - 5*o + 4, c = 2*o - y. What is f(c)?
4
Let k(o) = 4*o**2 - 2*o + 8. Let s(j) = 7*j**2 - 28*j + 16. Let y(q) = -2*k(q) + s(q). Calculate y(-12).
144
Let p(z) = z - 9 + 31*z + 12*z**2 - 4 + 33*z**2 - z**3 - 48*z**2. Determine p(4).
3
Let q(g) be the second derivative of -7*g**4/6 + g**3/3 + g**2/2 - 11*g + 15. Give q(-1).
-15
Let p(q) be the first derivative of 5/2*q**2 + 7*q + 1/3*q**3 + 11. Suppose 59*g = 63*g + 24. Determine p(g).
13
Suppose -4*s - f - 61 + 5 = 0, -2*s - 3*f - 28 = 0. Let u(k) = 3*k**2 + 33*k + 145. Let h(y) = -y**2 - 11*y - 40. Let m(w) = -7*h(w) - 2*u(w). Give m(s).
32
Let t(l) = -13317*l + 0*l**3 + 6655*l + 6642*l + 14*l**2 - 43 - l**3. Give t(12).
5
Suppose -2*u + 16 = 2*p, -3*p + u + 13 = -p. Let n(y) = -9*y + 23. Calculate n(p).
-40
Let v = -358 - -363. Let z be (v - (4 - (-9 - -5))) + -7. Let b(k) = k**2 + 10*k - 3. Give b(z).
-3
Let v be 4/(-6) - (-34)/6 - (6 + -6). Let u(a) = 4*a - 18. Calculate u(v).
2
Let h(x) be the second derivative of 7*x**3/6 + 41*x**2 + 185*x - 1. Calculate h(-12).
-2
Suppose 154 = 3*u - x, -u - 2*u + 2*x + 158 = 0. Let l = 12635 - 12580. Let i = u - l. Let o(q) = -q**3 - 6*q**2 - 5*q + 3. Calculate o(i).
3
Suppose 0 = -3*d + 111 - 48. Suppose -2*c = 5*c + d. Let k(a) = a**3 + 3*a**2 - 2*a - 3. Give k(c).
3
Let p be 1*-7 + 0 + 2. Let v(q) be the second derivative of q**3 + 0 + 1/12*q**4 + 70*q + 5/2*q**2. Determine v(p).
0
Let o(l) be the first derivative of -l**3/3 - 3*l**2 + 6939. Give o(2).
-16
Suppose 211*f - 99 = -196*f + 418*f. Let k(h) = h**3 + 8*h**2 - 12*h - 13. What is k(f)?
14
Let d(a) be the third derivative of 7*a**4/24 + 64*a**3/3 - 57*a**2 - 82*a. Give d(-19).
-5
Let p(k) = -2*k**2 + 8*k - 4. Let v = -94 - -98. Let r be 50/v + 2/(-4). Suppose -r*j = -14 - 46. Give p(j).
-14
Let y(a) = a**2 - 16*a - 14. Let w be ((-7)/((-28)/24))/((-96)/(-240)). Calculate y(w).
-29
Suppose -6 = -w + t, -143*w + 20 = -141*w - 4*t. Let v(x) = -3*x**3 - 2*x**2 - x + 3. Determine v(w).
-31
Suppose -3*h = -q - 9, 0 = -4*q - 4*h + 3*h + 29. Let k(x) be the second derivative of 0 + 1/3*x**3 - q*x + 0*x**2. Determine k(-4).
-8
Let r(q) = -3*q**3 - 4*q**2 + 8*q - 4. Suppose 197 = 229*v - 154 - 107. What is r(v)?
-28
Suppose 8*g - 33 = -22*g + 117. Let v(p) = p - 21. Give v(g).
-16
Suppose 2 = 2*b - 8. Let s(v) be the first derivative of v**4/12 - v**3 + 3*v**2 + 192*v - 126. Let k(c) be the first derivative of s(c). Calculate k(b).
1
Let p(n) = -12*n**2 + n + 1. Let q = 0 - -4. Suppose 114*l + q = 110*l. Calculate p(l).
-12
Let l(p) = 3*p + 8. Let k(x) = x - 1. Let h be k(5). Suppose 2*r = -a + 6, -2*a - 5 = -h*a + 3*r. Suppose -a*s - 2*s = 36. Calculate l(s).
-10
Let i be (0/(7 + 2 + -1 + -7))/2. Let f(a) = -a**2 - 5*a - 23. What is f(i)?
-23
Let n(k) = k**3 + k**2 - 16*k - 23. Suppose -17*g + 1714 = 1765. What is n(g)?
7
Let v(q) be the first derivative of 2*q**3/3 + 5*q**2 - q - 4751. Determine v(3).
47
Let y(c) be the first derivative of 2*c**3/3 - 10*c**2 + 15*c - 116. Let o(j) = -j**2 + 9*j - 7. Let g(i) = -13*o(i) - 6*y(i). What is g(-2)?
-1
Let t(y) = -y - 10. Let i(k) = -k. Let o(w) = -2*i(w) + t(w). Let q(c) = c - 11. Let u(z) = 4*o(z) - 5*q(z). Calculate u(0).
15
Let y be ((-62)/4)/((-3)/(-6)). Let a(k) = k**3 + 8*k**2 + 8*k + 10. Let b be a(-3). Let n = y + b. Let v(z) = z**3 - z**2 - z. What is v(n)?
0
Suppose 401 = -4*l + 9. Let s = l + 97. Let r(f) = -2*f**2 + 2*f - 3. Let v(n) = n**2. Let t(g) = s*r(g) - 3*v(g). Give t(2).
-5
Suppose 100*v + 2201 = 171*v. Let k(i) = -2*i + 64. Give k(v).
2
Let v(m) be the second derivative of m**5/24 + m**3/6 - 13*m**2/2 + 17*m + 3. Let h(q) be the second derivative of v(q). Give h(-3).
-15
Let m(n) = 7*n + 2. Let j(f) = -f**3 - f**2 + 2*f - 1. Let d be j(-2). Let h be 1/(-2)*(1 + d). Suppose h = -12*q + 7*q - 10. Give m(q).
-12
Let t(u) = u**3 + 12*u**2 + 2*u + 9. Suppose 2*j = j - 4*m, 4*j = -5*m. Let g be -11 + 4/4 - (2 - j). Calculate t(g).
-15
Suppose 0 = -3*l - a + 53, -l + 263*a - 268*a + 41 = 0. Let y(m) = m**2 - 15*m - 3. What is y(l)?
13
Let l(r) be the second derivative of -5/2*r**3 - 4*r**2 - 5/4*r**4 - 45 - r - 1/20*r**5. What is l(-14)?
6
Suppose -12*m - 3*m + 45 = 0. Let b(f) = -f + 4 - 4*f**2 + m + 0 - 4 - f**3. Determine b(-4).
7
Let d(f) = -f - 11. Let r be (-1024)/192*6/8. Let m be (44/r - -5)*(-12)/(-9). Calculate d(m).
-3
Let r(s) = 2*s**2 - 29*s - 43. Suppose -3*l + 232 - 184 = 0. What is r(l)?
5
Suppose 3*u = 5*z - 246, -4*z + 0*z + 3*u = -198. Let c = 54 - z. Let o(n) = 11*n - 24. Let a(k) = 5*k - 11. Let t(x) = -7*a(x) + 3*o(x). Give t(c).
-7
Let s be (12 - 240/21)*(-14)/4. Let a(k) = -k + 1 - 4 + 2. Let n(y) = y**2 + y + 1. Let m(j) = s*n(j) - 3*a(j). Calculate m(-3).
-20
Let a(j) = j**3 + 14*j**2 + 151*j + 1511. Let l be a(-12). Let w(f) = 4*f + 38. Determine w(l).
-14
Let j(c) = c - 6. Suppose 2*o + 96 = 8*o. Suppose 5*a + 4 = -o. Let x be 4/2 + a*1/(-1). Give j(x).
0
Let z(u) be the third derivative of u**5/60 + 7*u**4/12 + 2*u**3 + 2383*u**2 + 2*u. Calculate z(-15).
27
Let j(w) be the third derivative of -w**5/20 + 7*w**4/6 + 3*w**3 + 20*w**2. Let y(x) = -4*x**2 + 30*x + 19. Let p(q) = -5*j(q) + 4*y(q). What is p(-19)?
5
Let z(y) = -y - 25. Let p(t) = 3*t + 48. Let o(l) = -3*p(l) - 5*z(l). Give o(-10).
21
Suppose 4*m + 1 - 17 = 0. Let j be 1*(-6 - 0) + 1 + m. Let o(t) = -8*t**3 + t + 1. Give o(j).
8
Let v(y) be the second derivative of y**4/12 - 3*y**3 + 53*y**2/2 + 869*y. Calculate v(14).
-3
Let y(f) = -31 - 38676*f - f**3 + 19267*f - 39*f**2 + 19300*f. Calculate y(-36).
5
Suppose 0 = 3*z - 4*z + 2*z. Suppose 2*y + 16 = 5*q, 5*y + 4*q - 26 + z = 0. Let c(a) = 8*a - a**3 - 4*a**y + 2 + 2 - 4*a. Determine c(-5).
9
Suppose -4*z + 57*h - 55*h = 30, 3*h = 5*z + 36. Let k(w) = -4*w + 5. Calculate k(z).
41
Let a(n) = -n**3 - 15*n**2 + 15*n - 10. Let j be a(-16). Let k = 83 - 78. Let f(o) = -k*o**2 + 29 - 4*o - 25 - o + o**3. What is f(j)?
10
Let v = -903 - -906. Suppose v*w + 49 = -5*u, -36 + 14 = 4*w - 2*u. Let l(s) = -3*s - 26. Give l(w).
-2
Let p(j) = j**2 - 10*j + 1. Suppose 0 = -8*m + 38 - 14. Suppose m*b - 2*w + 28 = 7*b, -5*b = -w - 42. Determine p(b).
-15
Let r(h) be the third derivative of 11*h**4/12 - 58*h**3/3 + 1702*h**2 + 2. Determine r(6).
16
Let k(t) = -13*t**2 + 2*t + 10. Let b(g) = 2*g**2 - g - 3. Let u(z) = -3*b(z)